nvert -bd61df (base 16) to base 9.
-25316158
What is 1846915 (base 10) in base 6?
103330311
-118505 (base 11) to base 12
-90232
What is -17684 (base 11) in base 12?
-12408
Convert 23303000133 (base 4) to base 11.
18224a4
-56a02 (base 14) to base 10
-210506
Convert -3137587 (base 9) to base 11.
-a47209
Convert -334187 (base 9) to base 12.
-9782a
What is -2301011212 (base 4) in base 11?
-455a6a
What is -101101011110010 (base 2) in base 7?
-124610
181511 (base 14) to base 2
11001111001111111011
What is 29a98 (base 14) in base 8?
312306
What is b5878 (base 14) in base 9?
736703
101101021101 (base 3) to base 16
31e1f
Convert 16b1d7 (base 15) to base 11.
691a56
What is -343b24 (base 14) in base 6?
-102033232
Convert 118019 (base 10) to base 9.
188802
What is 1310131301 (base 5) in base 11?
18a1510
-107a88 (base 14) to base 10
-559112
Convert b5b22 (base 16) to base 8.
2655442
134502 (base 8) to base 16
b942
Convert 20310302201 (base 4) to base 15.
30a6a2
2111222020212 (base 3) to base 12
5462b8
What is 4138360 (base 9) in base 6?
115214213
Convert -1543565 (base 10) to base 16.
-178d8d
What is 12003004 (base 5) in base 4?
122302322
Convert 1001426 (base 7) to base 3.
20000011002
What is -16474623 (base 9) in base 11?
-472a800
Convert 3691224 (base 11) to base 5.
3120224412
Convert -184c0a7 (base 14) to base 2.
-101101110110010010110011
What is 708cb (base 16) in base 10?
461003
What is 2080734 (base 9) in base 13?
300c49
What is -733845 (base 15) in base 9?
-11271402
Convert -11112121000212 (base 3) to base 7.
-26340011
10001110110000001110 (base 2) to base 7
4653501
What is 224166264 (base 7) in base 16?
d0c03b
Convert 134414 (base 7) to base 2.
110001111110101
Convert -52143155 (base 6) to base 7.
-15543425
What is 10244215 (base 6) in base 13?
a7396
Convert -122222001010 (base 3) to base 16.
-5653b
What is 15d0b (base 16) in base 13?
31896
Convert 2201212020001 (base 3) to base 16.
162edd
Convert -20102010001 (base 3) to base 2.
-11110110011110111
What is -344200 (base 6) in base 4?
-13030020
What is 125507 (base 10) in base 9?
211142
What is 10223702 (base 9) in base 13?
1032047
-323011332 (base 4) to base 2
-111011000101111110
Convert -273165 (base 9) to base 10.
-166352
-1243110432 (base 6) to base 10
-14705876
23102112 (base 4) to base 11
31808
Convert -112110212012 (base 3) to base 16.
-45908
Convert 24167706 (base 8) to base 2.
10100001110111111000110
Convert c11a2 (base 16) to base 2.
11000001000110100010
Convert -2121121101 (base 4) to base 5.
-130101210
What is 6262034 (base 10) in base 16?
5f8d12
What is -38827 (base 11) in base 10?
-55568
Convert -10010100001000001 (base 2) to base 11.
-51a87
Convert 45354524 (base 6) to base 13.
395b93
What is 3123303 (base 4) in base 16?
36f3
What is 1011110000000101011 (base 2) in base 10?
385067
-10110100010010001011011 (base 2) to base 11
-3375478
Convert 17436844 (base 9) to base 3.
121111020221111
What is -355231542 (base 6) in base 13?
-1503a8b
12b01c7 (base 15) to base 5
11421413122
What is -100100101110111101000 (base 2) in base 6?
-41444344
What is 7a410 (base 14) in base 8?
1104276
What is 18c0788 (base 13) in base 2?
11111000011100101111100
Convert -212022330 (base 4) to base 15.
-314d3
110011000100101100001 (base 2) to base 4
12120211201
What is -1100100100100110001 (base 2) in base 11?
-261563
-1142432341 (base 5) to base 8
-12235615
What is 4f1d5 (base 16) in base 7?
2516522
What is 101111001110001000 (base 2) in base 15?
3c496
Convert 202023102 (base 4) to base 2.
100010001011010010
Convert 98536 (base 14) to base 5.
43244344
What is a42a (base 12) in base 2?
100010111100010
What is -1bc53 (base 13) in base 12?
-27888
-3b5b686 (base 12) to base 10
-11818758
Convert -44046106 (base 8) to base 5.
-4410103320
44322215 (base 6) to base 10
1332803
What is 1c7e70 (base 15) in base 2?
101010100010001011011
7739574 (base 10) to base 14
105678a
Convert -14da1 (base 16) to base 11.
-59195
-342502122 (base 6) to base 12
-2134942
What is 1c14b (base 14) in base 16?
117b7
Convert -10100001100110100011011 (base 2) to base 10.
-5295387
Convert -10a4b34 (base 12) to base 16.
-30db58
What is -4410632 (base 7) in base 2?
-10000011111101111110
Convert -a1635a (base 11) to base 16.
-18ed1d
What is 1011111100101010010110 (base 2) in base 7?
35423232
What is -232558 (base 11) in base 15?
-7468a
-5df9e8 (base 16) to base 8
-27374750
Convert -442100104 (base 5) to base 15.
-27ab39
-1b19ab (base 13) to base 7
-5600455
759830 (base 12) to base 4
13012221210
What is 1166211 (base 9) in base 7?
5251366
What is 335881 (base 9) in base 11?
128186
What is 69318 (base 10) in base 12?
34146
110443345 (base 6) to base 5
1002343000
6002167 (base 9) to base 2
1100001010110111100110
Convert 91827 (base 13) to base 9.
436460
What is -42250312 (base 7) in base 16?
-368dcd
What is 510843 (base 9) in base 3?
120100221110
76382 (base 14) to base 6
10044234
What is -10deb (base 15) in base 3?
-2201202112
-236532 (base 9) to base 13
-4cb95
Convert -c1552 (base 13) to base 3.
-122120101221
What is -53290 (base 12) in base 6?
-2201500
2012200001 (base 3) to base 5
2342443
Convert -c9654 (base 16) to base 6.
-25403020
Convert 1177543 (base 8) to base 10.
327523
Convert -269b36 (base 14) to base 5.
-320124134
What is 426b50 (base 12) in base 8?
4000354
Convert 58624e (base 16) to base 6.
324052210
What is -11011110221012 (base 3) in base 16?
-21c824
-11000011000001101 (base 2) to base 14
-28565
What is 487b67 (base 13) in base 14?
330b79
What is 24b4 (base 16) in base 10?
9396
What is -1061324 (base 7) in base 15?
-29428
Convert -6330102 (base 7) to base 6.
-24211013
Convert 3892727 (base 10) to base 11.
2219733
Convert 250736 (base 9) to base 11.
a3910
Convert -9cca8 (base 13) to base 4.
-1011232023
-b636c (base 16) to base 13
-201935
What is 1255001 (base 7) in base 13?
5a131
-1042045 (base 9) to base 3
-1001102001112
What is -154040 (base 7) in base 3?
-1112102222
Convert 11421325 (base 6) to base 13.
c81b9
What is -2324444 (base 7) in base 8?
-1072431
Convert -224b5 (base 13) to base 7.
-346515
-1eab00 (base 15) to base 3
-2211102120200
What is 3100105 (base 6) in base 11?
a1040
Convert 41024426 (base 7) to base 8.
15024143
What is -4706305 (base 8) in base 11?
-7a5667
-b694a (base 16) to base 10
-747850
267312 (base 12) to base 2
10011010111011111110
a0aa (base 11) to base 14
4c74
What is 4aa877 (base 13) in base 3?
10101011011221
-2b8390 (base 16) to base 12
-b56380
What is 335935 (base 11) in base 13?
1595ac
Convert -50523 (base 7) to base 13.
-5778
-4415626 (base 7) to base 12
-22197a
1057335 (base 8) to base 9
475814
1100101011111100100110 (base 2) to base 15
45a609
Convert -11010101101010000010 (base 2) to base 9.
-1573415
What is 11a959 (base 11) in base 14?
4d427
Convert -11010111010011101101010 (base 2) to base 8.
-32723552
What is 100011001100100000001 (base 2) in base 5?
243401111
Convert 42761 (base 9) to base 10.
28324
What is 709cb9 (base 14) in base 11?
215aa74
What is 69298 (base 11) in base 8?
303516
Convert -10020355 (base 6) to base 10.
-282671
-b5ff2 (base 16) to base 10
-745458
What is -443340544 (base 6) in base 2?
-11110100010110011110000
What is -10020010020 (base 3) in base 16?
-f816
Convert 11100010100000111000 (base 2) to base 11.
584085
-20130340 (base 5) to base 4
-213121001
Convert 2303031 (base 4) to base 5.
331334
a9693 (base 14) to base 5
101111121
-1cd8a (base 15) to base 13
-33b38
111022002 (base 5) to base 4
1312213311
-4ddfa (base 16) to base 7
-2465641
Convert -22020201110110 (base 3) to base 11.
-2524695
Convert -530753 (base 9) to base 6.
-10432503
1e2275 (base 15) to base 5
334203220
-11672708 (base 9) to base 8
-25635270
What is 1031201103 (base 5) in base 12?
8a67b4
What is 11330130 (base 4) in base 2?
101111100011100
What is -164130 (base 7) in base 6?
-411103
Convert -28ca9 (base 13) to base 10.
-76865
What is 100404143 (base 5) in base 15?
7e918
101010100201220 (base 3) to base 5
2334134212
598530 (base 10) to base 2
10010010001000000010
What is 1101706 (base 8) in base 9?
500773
-1e7d0 (base 16) to base 14
-33720
-22122112121 (base 3) to base 2
-101001100100001011
210021222212 (base 3) to base 7
3364034
What is -121311 (base 8) in base 9?
-63143
Convert -2333131 (base 4) to bas